
List the prime factors of 2727.
3, 101
List the prime factors of 84440.
2, 5, 2111
What are the prime factors of 1485?
3, 5, 11
List the prime factors of 6602.
2, 3301
What are the prime factors of 989?
23, 43
List the prime factors of 106927.
23, 4649
What are the prime factors of 1232?
2, 7, 11
What are the prime factors of 803?
11, 73
What are the prime factors of 6882?
2, 3, 31, 37
What are the prime factors of 1543?
1543
List the prime factors of 2353.
13, 181
List the prime factors of 1120.
2, 5, 7
List the prime factors of 3417.
3, 17, 67
What are the prime factors of 31618?
2, 15809
What are the prime factors of 1654?
2, 827
What are the prime factors of 45601?
31, 1471
List the prime factors of 148190.
2, 5, 7, 29, 73
List the prime factors of 13252.
2, 3313
List the prime factors of 3655.
5, 17, 43
What are the prime factors of 22198?
2, 11, 1009
List the prime factors of 25194.
2, 3, 13, 17, 19
What are the prime factors of 65826?
2, 3, 23, 53
List the prime factors of 7065.
3, 5, 157
List the prime factors of 480.
2, 3, 5
List the prime factors of 6346.
2, 19, 167
What are the prime factors of 4821?
3, 1607
What are the prime factors of 66639?
3, 97, 229
What are the prime factors of 3994?
2, 1997
What are the prime factors of 1138?
2, 569
List the prime factors of 11268.
2, 3, 313
List the prime factors of 5239.
13, 31
List the prime factors of 2875.
5, 23
List the prime factors of 7367.
53, 139
What are the prime factors of 1562?
2, 11, 71
List the prime factors of 138847.
43, 3229
List the prime factors of 1848.
2, 3, 7, 11
List the prime factors of 330.
2, 3, 5, 11
What are the prime factors of 8757?
3, 7, 139
List the prime factors of 11446.
2, 59, 97
List the prime factors of 87.
3, 29
What are the prime factors of 194?
2, 97
List the prime factors of 39495.
3, 5, 2633
List the prime factors of 1373.
1373
What are the prime factors of 676?
2, 13
What are the prime factors of 14129?
71, 199
List the prime factors of 1237.
1237
List the prime factors of 11625.
3, 5, 31
List the prime factors of 1816.
2, 227
List the prime factors of 1377.
3, 17
List the prime factors of 7149.
3, 2383
List the prime factors of 5119.
5119
What are the prime factors of 2169?
3, 241
List the prime factors of 27468.
2, 3, 7, 109
What are the prime factors of 3524?
2, 881
List the prime factors of 1585.
5, 317
What are the prime factors of 3285?
3, 5, 73
List the prime factors of 8641.
8641
List the prime factors of 32732.
2, 7, 167
List the prime factors of 6635.
5, 1327
List the prime factors of 9715.
5, 29, 67
What are the prime factors of 18219?
3, 6073
List the prime factors of 1210.
2, 5, 11
List the prime factors of 13231.
101, 131
What are the prime factors of 33866?
2, 7, 41, 59
What are the prime factors of 38770?
2, 5, 3877
What are the prime factors of 2465?
5, 17, 29
What are the prime factors of 14645?
5, 29, 101
List the prime factors of 324.
2, 3
What are the prime factors of 928?
2, 29
List the prime factors of 6566.
2, 7, 67
What are the prime factors of 1640?
2, 5, 41
What are the prime factors of 74681?
17, 23, 191
What are the prime factors of 901?
17, 53
What are the prime factors of 78030?
2, 3, 5, 17
What are the prime factors of 106198?
2, 29, 1831
List the prime factors of 1053.
3, 13
What are the prime factors of 36883?
7, 11, 479
List the prime factors of 4428.
2, 3, 41
List the prime factors of 547.
547
List the prime factors of 377.
13, 29
What are the prime factors of 5708?
2, 1427
What are the prime factors of 4044?
2, 3, 337
What are the prime factors of 325?
5, 13
List the prime factors of 13382.
2, 6691
What are the prime factors of 72455?
5, 43, 337
List the prime factors of 6183.
3, 229
What are the prime factors of 8329?
8329
What are the prime factors of 12657?
3, 4219
List the prime factors of 5624.
2, 19, 37
List the prime factors of 742.
2, 7, 53
What are the prime factors of 993?
3, 331
List the prime factors of 4392.
2, 3, 61
List the prime factors of 415.
5, 83
What are the prime factors of 157115?
5, 7, 67
What are the prime factors of 282?
2, 3, 47
What are the prime factors of 677?
677
What are the prime factors of 22512?
2, 3, 7, 67
What are the prime factors of 19723?
11, 163
What are the prime factors of 16863?
3, 7, 11, 73
What are the prime factors of 137602?
2, 107, 643
What are the prime factors of 40761?
3, 7, 647
What are the prime factors of 5569?
5569
What are the prime factors of 5422?
2, 2711
What are the prime factors of 8602?
2, 11, 17, 23
List the prime factors of 1672.
2, 11, 19
List the prime factors of 312.
2, 3, 13
What are the prime factors of 305?
5, 61
What are the prime factors of 1106?
2, 7, 79
List the prime factors of 119763.
3, 7, 1901
List the prime factors of 146597.
11, 13327
What are the prime factors of 275?
5, 11
List the prime factors of 837.
3, 31
What are the prime factors of 50878?
2, 25439
List the prime factors of 707.
7, 101
What are the prime factors of 1102?
2, 19, 29
List the prime factors of 87957.
3, 29, 337
What are the prime factors of 106910?
2, 5, 10691
List the prime factors of 1777.
1777
List the prime factors of 5923.
5923
List the prime factors of 864.
2, 3
What are the prime factors of 146?
2, 73
What are the prime factors of 17901?
3, 13, 17
List the prime factors of 143425.
5, 5737
What are the prime factors of 2767?
2767
What are the prime factors of 8782?
2, 4391
What are the prime factors of 238?
2, 7, 17
List the prime factors of 1292.
2, 17, 19
List the prime factors of 19536.
2, 3, 11, 37
What are the prime factors of 807?
3, 269
What are the prime factors of 90967?
17, 5351
What are the prime factors of 703?
19, 37
What are the prime factors of 6228?
2, 3, 173
List the prime factors of 1742.
2, 13, 67
List the prime factors of 4688.
2, 293
List the prime factors of 1374.
2, 3, 229
What are the prime factors of 48343?
29, 1667
List the prime factors of 52311.
3, 7, 47, 53
What are the prime factors of 61664?
2, 41, 47
What are the prime factors of 12854?
2, 6427
What are the prime factors of 194?
2, 97
What are the prime factors of 951?
3, 317
List the prime factors of 9119.
11, 829
List the prime factors of 3889.
3889
List the prime factors of 73548.
2, 3, 227
List the prime factors of 3575.
5, 11, 13
List the prime factors of 966.
2, 3, 7, 23
List the prime factors of 1966.
2, 983
List the prime factors of 53583.
3, 53, 337
List the prime factors of 22414.
2, 7, 1601
What are the prime factors of 12751?
41, 311
List the prime factors of 198.
2, 3, 11
What are the prime factors of 23640?
2, 3, 5, 197
List the prime factors of 77013.
3, 43, 199
List the prime factors of 47697.
3, 13, 1223
List the prime factors of 21373.
11, 29, 67
List the prime factors of 198.
2, 3, 11
What are the prime factors of 45572?
2, 11393
List the prime factors of 3084.
2, 3, 257
What are the prime factors of 2414?
2, 17, 71
What are the prime factors of 6898?
2, 3449
What are the prime factors of 1077?
3, 359
List the prime factors of 22879.
137, 167
What are the prime factors of 47630?
2, 5, 11, 433
List the prime factors of 1638.
2, 3, 7, 13
List the prime factors of 528.
2, 3, 11
List the prime factors of 2651.
11, 241
What are the prime factors of 87095?
5, 17419
List the prime factors of 785.
5, 157
List the prime factors of 148.
2, 37
What are the prime factors of 3227?
7, 461
List the prime factors of 140.
2, 5, 7
What are the prime factors of 1019?
1019
List the prime factors of 632.
2, 79
What are the prime factors of 11216?
2, 701
What are the prime factors of 6836?
2, 1709
List the prime factors of 19526.
2, 13, 751
List the prime factors of 1977.
3, 659
What are the prime factors of 1087?
1087
What are the prime factors of 16672?
2, 521
List the prime factors of 587.
587
What are the prime factors of 9584?
2, 599
List the prime factors of 90774.
2, 3, 41
What are the prime factors of 2750?
2, 5, 11
List the prime factors of 6236.
2, 1559
What are the prime factors of 735?
3, 5, 7
List the prime factors of 24430.
2, 5, 7, 349
What are the prime factors of 3572?
2, 19, 47
List the prime factors of 5269.
11, 479
What are the prime factors of 68295?
3, 5, 29, 157
List the prime factors of 529.
23
What are the prime factors of 90315?
3, 5, 223
List t